Is 981175177 a prime number?
True
Is 80743349 composite?
False
Is 6199361 a prime number?
False
Is 12177877 prime?
False
Is 90220841 a prime number?
False
Is 42467713 a composite number?
True
Is 312578521 composite?
True
Is 814763 a composite number?
False
Is 1424401 prime?
False
Is 74200337 a prime number?
True
Is 459421 a composite number?
False
Is 24592973 prime?
False
Is 5910749 prime?
False
Is 16893911 composite?
False
Is 27018471 a composite number?
True
Is 1082350051 composite?
False
Is 1586267 a composite number?
True
Is 450524267 a prime number?
True
Is 863263 prime?
False
Is 283381 a prime number?
False
Is 47760899 a composite number?
False
Is 84119627 a prime number?
True
Is 141593 a prime number?
False
Is 96246653 composite?
False
Is 5994719 composite?
False
Is 51057158 a prime number?
False
Is 11836271 a composite number?
False
Is 28298021 a composite number?
False
Is 3030793 a prime number?
False
Is 34321251 prime?
False
Is 1928279 prime?
False
Is 52620259 a composite number?
True
Is 271257949 composite?
False
Is 78172417 composite?
False
Is 13755799 prime?
True
Is 44594819 a composite number?
False
Is 4257989 a composite number?
True
Is 65191549 composite?
True
Is 153163751 a prime number?
False
Is 476621 prime?
False
Is 831821 a composite number?
False
Is 74189179 a prime number?
True
Is 452243 a prime number?
False
Is 1067093 composite?
True
Is 68908043 prime?
True
Is 13867121 prime?
False
Is 1829389 prime?
True
Is 233838251 a prime number?
True
Is 65080331 prime?
True
Is 40374241 a composite number?
False
Is 16307303 a prime number?
False
Is 10966339 a composite number?
False
Is 197690851 prime?
False
Is 72831949 prime?
False
Is 1841881 prime?
False
Is 29530639 prime?
False
Is 6505153 prime?
True
Is 3405397 prime?
True
Is 58013609 a prime number?
False
Is 13331301 a composite number?
True
Is 11874337 a prime number?
False
Is 12932627 prime?
True
Is 360419773 a prime number?
False
Is 36302173 prime?
True
Is 26558501 prime?
True
Is 1055204717 prime?
False
Is 2625061 prime?
True
Is 1369943 prime?
True
Is 18618851 prime?
False
Is 186581209 composite?
False
Is 327066391 prime?
True
Is 6586961 a prime number?
True
Is 2582745793 composite?
False
Is 18938419 prime?
True
Is 547355803 composite?
True
Is 15953029 composite?
False
Is 104837857 composite?
False
Is 279523487 a composite number?
True
Is 172984091 a prime number?
False
Is 1971691 a prime number?
True
Is 541079521 prime?
True
Is 1286021 a prime number?
False
Is 31144601 a prime number?
True
Is 2601707 prime?
False
Is 9205737 a composite number?
True
Is 1166789 prime?
False
Is 48099839 a prime number?
False
Is 154381033 prime?
False
Is 15226021 a composite number?
True
Is 181253563 composite?
True
Is 5861917 composite?
True
Is 8697379 a composite number?
False
Is 192160073 composite?
True
Is 7265593 composite?
False
Is 8887057 prime?
False
Is 655717 composite?
False
Is 2041453 a prime number?
False
Is 608499167 prime?
True
Is 192293 a composite number?
True
Is 1682911 prime?
True
Is 115287719 a prime number?
False
Is 11484629 composite?
True
Is 72606595 composite?
True
Is 13272673 composite?
False
Is 60790979 a prime number?
True
Is 8598211 a prime number?
False
Is 13102559 a composite number?
False
Is 33264659 composite?
False
Is 57059047 a composite number?
False
Is 93492127 a prime number?
False
Is 1109534 composite?
True
Is 42044453 prime?
False
Is 12648095 prime?
False
Is 80375821 a prime number?
True
Is 20969083 composite?
True
Is 6132617 prime?
False
Is 449275781 a composite number?
False
Is 37463513 a composite number?
True
Is 23405839 prime?
True
Is 3437065 a prime number?
False
Is 49959397 a prime number?
False
Is 83041993 prime?
False
Is 9226021 a prime number?
False
Is 363861249 composite?
True
Is 12596965 composite?
True
Is 558731 a prime number?
True
Is 53497 a composite number?
True
Is 34324709 composite?
False
Is 362825429 a prime number?
True
Is 3117967 prime?
True
Is 10265993 composite?
True
Is 1383553 composite?
False
Is 1935551 composite?
True
Is 43379 a prime number?
False
Is 38796319 a prime number?
True
Is 12783391 prime?
False
Is 35682583 a prime number?
True
Is 1577729 composite?
False
Is 76452937 composite?
True
Is 6087583 composite?
False
Is 88998511 prime?
False
Is 1709077 composite?
False
Is 1916977 composite?
False
Is 7105523 a prime number?
False
Is 1167973 a prime number?
True
Is 4364933 composite?
False
Is 15697267 composite?
False
Is 430999 composite?
False
Is 33686897 a prime number?
True
Is 24712517 a prime number?
True
Is 16118591 a prime number?
True
Is 435972085 prime?
False
Is 1419157 a prime number?
True
Is 740395 a prime number?
False
Is 5267039 a composite number?
False
Is 59109838 composite?
True
Is 55695083 a composite number?
False
Is 138727 prime?
True
Is 1053751 a composite number?
True
Is 50838877 a composite number?
False
Is 1156465 a composite number?
True
Is 20915347 a composite number?
True
Is 52693231 a prime number?
True
Is 135485459 composite?
False
Is 77701802 a composite number?
True
Is 12295667 a prime number?
True
Is 7393739 a prime number?
True
Is 5917091 a prime number?
False
Is 17698249 a prime number?
True
Is 4575319 a composite number?
True
Is 2734513 composite?
False
Is 72363209 composite?
False
Is 19510459 a composite number?
True
Is 8316229 prime?
False
Is 94551877 a composite number?
True
Is 46202473 composite?
True
Is 27059509 a prime number?
False
Is 28871531 composite?
True
Is 905393 prime?
False
Is 9276053 a composite number?
True
Is 47125007 a composite number?
False
Is 17206997 prime?
True
Is 111807271 a composite number?
False
Is 11264681 a prime number?
True
Is 2616241 prime?
True
Is 28082543 a prime number?
True
Is 461957 a composite number?
False
Is 6060601 composite?
True
Is 31397077 composite?
False
Is 3850579 prime?
False
Is 3703397 composite?
True
Is 25641857 a composite number?
True
Is 58951297 prime?
False
Is 40266683 composite?
False
Is 64215533 a prime number?
True
Is 8206777 prime?
True
Is 15343511 composite?
True
Is 1189858 a prime number?
False
Is 220213069 composite?
False
Is 593794171 composite?
False
Is 265096519 a prime number?
False
Is 1198187 prime?
True
Is 10221605 composite?
True
Is 451234271 a composite number?
False
Is 82149731 prime?
False
Is 3268435 a prime number?
False
Is 2282597 a prime number?
True
Is 732775937 a composite number?
False
Is 6710351 a composite number?
True
Is 53567933 composite?
True
Is 10041347 a prime number?
True
Is 9405241 a composite number?
False
Is 102043463 composite?
False
Is 2161411 prime?
False
Is 218050747 a composite number?
False
Is 69946759 prime?
True
Is 2379367297 a prime number?
True
Is 4751599 a composite number?
False
Is 466173685 a composite number?
True
Is 2236327 prime?
True
Is 74844499 prime?
False
Is 2433347 prime?
False
Is 8054693 composite?
False
Is 10796083 a prime number?
False
Is 12755749 a prime number?
True
Is 19540405 a composite number?
True
Is 23378673 a prime number?
False
Is 44739329 prime?
True
Is 47122783 a composite number?
True
Is 206292703 a composite number?
True
Is 437033 prime?
True
Is 11581441 a composite number?
False
Is 3182881 prime?
False
Is 38977223 composite?
False
Is 1861921 a prime number?
True
Is 22259801 a composite number?
False
Is 3261191 a prime number?
True
Is 170348489 composite?
False
Is 25881703 a prime number?
True
Is 96743981 composite?
True
Is 9947023 a composite number?
True
Is 2374579 a composite number?
False
Is 8651317 prime?
False
Is 518213435 composite?
True
Is 13960435 composite?
True
Is 794327 composite?
False
Is 15096019 a prime number?
True
Is 7316039 a prime number?
True
Is 5042722 a composite number?
True
Is 79727171 a prime number?
False
Is 697174183 prime?
False
Is 271751 composite?
True
Is 14963997 prime?
False
Is 63802199 a composite number?
False
Is 1240607 prime?
True
Is 5674553 a prime number?
False
Is 23727823 a composite number?
True
Is 1967129 a composite number?
False
Is 908993 a composite number?
False
Is 3393622 a prime number?
False
Is 12765171 a composite number?
True
Is 49796797 prime?
True
Is 3667749 a composite number?
True
Is 3408611 prime?
False
Is 3821 a composite number?
False
Is 264533939 composite?
False
Is 29005313 a prime number?
False
Is 11879581 pr